 7*b**3/6 - 3*b**2 + 5*b. Let u be v(6). Let k = -34 + u. What is the units digit of k?
6
Suppose 0 = 4*n - 2 + 14. Let m = 1 + n. Let t = 24 - m. What is the tens digit of t?
2
Let x(q) = 11*q - 1. Let f be x(7). Suppose 7*c = 2*c - 4*l + 96, 5*c - l - f = 0. What is the tens digit of (c/12)/(1/12)?
1
Let o be (2/(-4) - -1)*8. Let y(d) = d**3 - 5*d**2 + 4*d + 3. Let p be y(o). Suppose p*r + 16 = 5*r. What is the units digit of r?
8
Suppose -4*f - 4*j - 616 = 0, -2*f - 4*j - 214 - 102 = 0. Let y = f + 159. What is the units digit of y?
9
Let b = 88 + -87. What is the units digit of (-3*(-356)/(-12))/(b*-1)?
9
Let x(o) = -48*o + 354. What is the hundreds digit of x(-17)?
1
Let v(l) = 11*l**2 + 26*l + 871. What is the tens digit of v(-18)?
6
Let p(l) = 2*l**2 + 11*l + 5. Let b(r) = 3*r**2 + 11*r + 4. Let x(u) = -3*b(u) + 4*p(u). Let q be x(11). Suppose q = -3*n + 170. What is the tens digit of n?
5
Let u(n) = n**2 - 2*n + 1. Let c be u(-2). What is the units digit of (69 + 0)/(c/6)?
6
Let l(s) = 35*s**3 + 5*s + 2*s**2 - 59*s**3 + 13 + 3*s. What is the hundreds digit of l(-2)?
1
Suppose -3*g + 2*u + 76 = 27, 77 = 4*g - 5*u. Let y = 107 + -51. Suppose o - 159 + g = -5*x, 2*o = 2*x - y. What is the units digit of x?
9
Suppose 0 = -6*h + h - 360. Let q be (h/(-27))/(2/(-9)). What is the tens digit of (-366)/(-8) + (-3)/q?
4
Suppose -27*g - 7*g = -131342. What is the hundreds digit of g?
8
Let o = 3020 + -276. What is the thousands digit of o?
2
Let m(w) = 509*w**2 + w - 4. What is the tens digit of m(-1)?
0
Suppose 0 = 3*j + 2*x - 428, 3*j - 4*j = 4*x - 136. What is the units digit of j?
4
Suppose 50207 = 11*g - 206. What is the tens digit of g?
8
Let h be 5 - (-1)/(2/(-142)). Let q = h - -138. What is the tens digit of q?
7
Let w = -6 + 10. Suppose 0 = 5*c - 5*t - 30, 0*t + w*t = -2*c + 6. Suppose 2*n - 106 = c*l, 3*l - 53 = 2*n - 3*n. What is the units digit of n?
3
Let k be -15*(-4)/18*-3. Let d = 15 + k. Let y(f) = -f**3 + 5*f**2 + 4*f + 1. What is the units digit of y(d)?
1
Suppose 3*t = -2*p - 19, -3*t + 6 + 0 = -3*p. What is the units digit of ((-5)/3 - t)*(-540)/(-8)?
0
Let h = 1540 + -358. What is the tens digit of h?
8
Let o be (1 - 1) + (-12)/3. Let u(n) = n**3 + 6*n**2 + 5*n - 4. Let m be u(o). Suppose -3*y = -m*y + 45. What is the units digit of y?
9
Suppose 4*h - 77 = 75. Suppose -5*f + h = p - 102, 2*f + 5*p - 56 = 0. What is the units digit of (f/3)/((-4)/(-12))?
8
Suppose -5*o + 23 - 8 = 0, 2*o - 24 = u. Suppose 0 = -0*f + 2*f + 58. Let g = u - f. What is the tens digit of g?
1
Let j be (-8)/6*(-9)/(-2). Let s(p) = 2*p - 1. Let m be s(4). Let d = j + m. What is the units digit of d?
1
Let v = 5 - 2. Suppose 2*t - 7 = f, -4*f - 2 = -v*f - t. Suppose 6*k - 15 = f*k. What is the units digit of k?
5
Suppose -o + 4*x + 9 = 0, -2*x - 3 = -5*o - 12. What is the units digit of 8/8 + -282*(o - -2)?
3
Let u(x) = -2*x**3 + 17*x**2 - 7*x - 5. Let c be u(8). What is the tens digit of c/(-9)*3*-46?
4
Let s(n) = 23*n - 290. What is the hundreds digit of s(58)?
0
Let p be 1/(2/5792) - -3. Suppose 24*t = 11*t + p. What is the units digit of t?
3
Let p(y) = 0*y**2 + y**2 + 1 - 4*y + 1. Let v = -113 - -118. What is the units digit of p(v)?
7
Suppose 6*q - q - 5 = 0. Let m = q - -26. What is the tens digit of m?
2
Let a be 7/(-2 - 9/(-3)). Suppose 4*w + 21 = a*w. Let z = w - 6. What is the units digit of z?
1
Suppose 5*v + 10 = l, 4*l - 8 = 4*v + 2*l. Let n be (-10)/3 + v/3. What is the units digit of 16/(3 + 4/n)?
8
Let b(u) = -10*u - 35. Let y be b(-6). Let j = 56 + y. What is the tens digit of j?
8
Let p(h) = -62*h + 12. What is the units digit of p(-5)?
2
Suppose 3*q = 2*a - 49, -6 = 2*a + q - 35. Let y(v) = 2*v**2 - 4 + 3 + 0 + a*v**2. What is the units digit of y(-1)?
8
Let i = 1008 + 880. What is the units digit of i?
8
Let y = 506 + 146. Suppose y = 4*u - 28. What is the tens digit of u?
7
Suppose -5*u + 10584 = x + 2528, -2*x + 6446 = 4*u. What is the units digit of u?
1
Suppose 4*v = 207 + 37. Suppose 5*y + 43 = l, 6*y - v = -l + 2*y. What is the units digit of l?
3
What is the tens digit of (-2)/(-5) + (-61716)/(-185)?
3
Let p be (1 - 2/6)*(-24)/16. What is the tens digit of 41/123 - ((-202)/6 - p)?
3
Let i(j) = 23*j + 66. What is the units digit of i(34)?
8
Suppose x - 2*w - 1122 = 0, -4*x + w = 6*w - 4488. Let l be x/18 - 2/6. Suppose 8*g - z = 3*g + 53, 5*g = 4*z + l. What is the tens digit of g?
1
Let m(y) = -13*y + 85. Let z(r) = 7*r - 43. Let j(a) = 6*m(a) + 11*z(a). What is the units digit of j(12)?
5
Suppose -25*b - 860 = -5*u - 28*b, 4*u = -5*b + 675. What is the hundreds digit of u?
1
Suppose -3501 = -3*i + 2*z + 260, -2*i = 5*z - 2539. What is the units digit of i?
7
Let v(t) = -24 + t + 2*t**2 + 9 + 18. Let k be v(0). Suppose k*r - 174 = p, -r + 4*p + 27 + 42 = 0. What is the tens digit of r?
5
Suppose -5742 = 9*c - 20*c. What is the hundreds digit of c?
5
Suppose 0 = 4*m + 4*y + y + 177, -m - 46 = 3*y. Let c = 60 + m. What is the tens digit of c?
1
Let x be 1 + -4 + 0 + 11. Suppose -6*v = -x*v + 64. What is the tens digit of v?
3
Let j = -161 + 411. What is the units digit of j?
0
Suppose 2*w = 10*w. What is the units digit of 21/(-7) - (-162 + 2 + w)?
7
Let n be (-3 - (0 - 4))*5. Suppose -25 = n*r, -33 = 4*z + r - 8. Let l = z + 14. What is the units digit of l?
9
Let k(h) be the third derivative of 2/15*h**5 - 8*h**2 + 0 + 1/3*h**3 + 3/8*h**4 + 0*h. What is the tens digit of k(-3)?
4
Let b = -101 - -268. What is the units digit of b?
7
Suppose 16 = -11*w + 15*w. Let n be (w/(-10))/((-2)/1420). Suppose 22*f - n = 18*f. What is the units digit of f?
1
Suppose -33 = -m + 5*s + 28, 4*s = 5*m - 305. What is the units digit of m?
1
Suppose -5*n + 13384 = -4*k, 28*k - 5357 = -2*n + 33*k. What is the tens digit of n?
7
Let z(a) = 7*a. Let l(n) = -n. Let b(v) = v**2 + 15*v + 13. Let x be b(-14). Let c(k) = x*z(k) - 3*l(k). What is the units digit of c(-5)?
0
Suppose 0 = 5*w - 4 - 11. What is the tens digit of ((-20)/(-3)*w)/1?
2
Let f(l) = -l**2 - l + 8. Let i be f(-4). What is the units digit of i/12 + (-352)/(-12)?
9
Suppose 0 = 18*w - 15*w. Suppose 3*q = -w*q + 513. Suppose 0 = 4*z - 3*a - 26 - q, 4*z + 5*a = 205. What is the tens digit of z?
5
Let x = -13 + 4. Let j = -4 - x. Suppose 54 = j*b - 2*b. What is the units digit of b?
8
Suppose 5*h - 3408 = 3*f + 984, -2*f - 4388 = -5*h. What is the units digit of h?
6
Let p be (-4 + 7)/(3*2/(-8)). Let b = 1 - p. What is the units digit of b?
5
Let g(t) = -3*t**2 - 5*t + 6. Let i be g(-3). What is the units digit of (-447)/i - 7/(-14)?
5
Let f(h) = 18*h**2 + 51*h - 4. What is the hundreds digit of f(-7)?
5
Let v = -68 - 13. Let r = -40 - -28. What is the units digit of (v/r)/(6/32)?
6
Let z(t) = -7*t + 18. Suppose 0*l = 5*a - 2*l + 29, 2*l = 4*a + 24. What is the units digit of z(a)?
3
Suppose -5*y - 133 = 2*x, 2*y + 285 = -5*x - y. Let b = x - -132. What is the units digit of b?
8
Suppose 0 = 4*i + 5*b + 76, 8 = -b + 3*b. Let g = 22 + i. What is the tens digit of 21 + 2 + 1 + g?
2
Suppose 0*t - 3*t = -3. Let v be (-2 - t)/((-2)/(-22)). Let i = -18 - v. What is the units digit of i?
5
Suppose 0 = y + 2*a - 179, y = -a + 4 + 173. What is the hundreds digit of y?
1
Suppose 667 = -2*u + 5805. What is the hundreds digit of u?
5
Let s = -4 - -6. Suppose r - 10 = -0*y - 2*y, y = s*r - 5. Suppose l - r = 15. What is the units digit of l?
9
Let y = 91 + 59. What is the hundreds digit of y?
1
Suppose 4*j + 28 = 4*t, 4*j + 2 = -10. Suppose 2*q + 38 + 23 = l, -t*q - 117 = -l. What is the units digit of (-1)/(30/q - -1)?
4
Suppose -3*q + 5*i + 1933 = -2785, -q = i - 1562. What is the hundreds digit of q?
5
Let b(p) = p**3 - 3*p**2 - 36*p - 9. What is the hundreds digit of b(12)?
8
Suppose 5*s - 17*a = -20*a + 2885, -a = 5*s - 2895. What is the hundreds digit of s?
5
Let v be 13/((12/75)/4). Suppose 0 = -0*x + 5*x - v. What is the tens digit of x?
6
What is the units digit of -98*(-38)/20 + 104/130?
7
Let p(n) = 2*n**2 - 11*n + 12. Let i be p(4). Suppose -4*w + 188 = -i*w. What is the units digit of w?
7
Let t = -104 + 77. Let r = t - -208. What is the hundreds digit of r?
1
Suppose 31*s = 34*s - 414. What is the tens digit of s?
3
Let y be 3/6 - 4/8. Let i(c) = c**3 + c**2 + 13. Let g be i(y). 